digit of 676?
7
What is the units digit of 7316?
6
What is the units digit of 1309?
9
What is the hundreds digit of 1116?
1
What is the units digit of 32170?
0
What is the units digit of 1592?
2
What is the tens digit of 221?
2
What is the units digit of 7501?
1
What is the hundreds digit of 43528?
5
What is the hundreds digit of 533?
5
What is the thousands digit of 3601?
3
What is the tens digit of 3283?
8
What is the hundreds digit of 24756?
7
What is the tens digit of 4746?
4
What is the thousands digit of 16794?
6
What is the thousands digit of 26167?
6
What is the units digit of 3595?
5
What is the ten thousands digit of 59486?
5
What is the hundreds digit of 1628?
6
What is the thousands digit of 1087?
1
What is the units digit of 19608?
8
What is the ten thousands digit of 43065?
4
What is the units digit of 5280?
0
What is the tens digit of 81?
8
What is the hundreds digit of 415?
4
What is the units digit of 5?
5
What is the tens digit of 1159?
5
What is the tens digit of 14349?
4
What is the hundreds digit of 939?
9
What is the hundreds digit of 592?
5
What is the units digit of 6236?
6
What is the ten thousands digit of 100961?
0
What is the thousands digit of 36645?
6
What is the tens digit of 5173?
7
What is the hundreds digit of 2542?
5
What is the hundreds digit of 2670?
6
What is the hundreds digit of 276?
2
What is the hundreds digit of 1110?
1
What is the thousands digit of 4763?
4
What is the ten thousands digit of 24344?
2
What is the thousands digit of 19133?
9
What is the hundreds digit of 79207?
2
What is the hundreds digit of 12257?
2
What is the units digit of 602?
2
What is the tens digit of 26795?
9
What is the hundreds digit of 465?
4
What is the units digit of 24291?
1
What is the tens digit of 3118?
1
What is the thousands digit of 27582?
7
What is the tens digit of 10051?
5
What is the tens digit of 2153?
5
What is the units digit of 612?
2
What is the thousands digit of 1308?
1
What is the hundreds digit of 2889?
8
What is the thousands digit of 8142?
8
What is the units digit of 9555?
5
What is the tens digit of 11894?
9
What is the tens digit of 4601?
0
What is the units digit of 3058?
8
What is the thousands digit of 4200?
4
What is the tens digit of 1514?
1
What is the hundreds digit of 1008?
0
What is the thousands digit of 73477?
3
What is the hundreds digit of 1340?
3
What is the tens digit of 32205?
0
What is the tens digit of 3090?
9
What is the hundreds digit of 22057?
0
What is the hundreds digit of 822?
8
What is the thousands digit of 3562?
3
What is the tens digit of 11171?
7
What is the units digit of 3518?
8
What is the thousands digit of 118975?
8
What is the hundreds digit of 86227?
2
What is the hundreds digit of 12082?
0
What is the units digit of 930?
0
What is the tens digit of 1555?
5
What is the tens digit of 4171?
7
What is the hundreds digit of 2483?
4
What is the thousands digit of 4330?
4
What is the hundreds digit of 2738?
7
What is the units digit of 22497?
7
What is the thousands digit of 3557?
3
What is the hundreds digit of 14635?
6
What is the tens digit of 1730?
3
What is the hundreds digit of 1003?
0
What is the thousands digit of 1852?
1
What is the ten thousands digit of 10309?
1
What is the tens digit of 124699?
9
What is the hundreds digit of 280?
2
What is the units digit of 4682?
2
What is the hundreds digit of 7886?
8
What is the hundreds digit of 434?
4
What is the thousands digit of 11337?
1
What is the ten thousands digit of 27663?
2
What is the tens digit of 3707?
0
What is the tens digit of 27777?
7
What is the hundreds digit of 20573?
5
What is the hundreds digit of 11491?
4
What is the tens digit of 13237?
3
What is the hundreds digit of 18688?
6
What is the units digit of 51092?
2
What is the units digit of 4022?
2
What is the units digit of 1503?
3
What is the units digit of 11526?
6
What is the tens digit of 38594?
9
What is the thousands digit of 3865?
3
What is the thousands digit of 3145?
3
What is the tens digit of 356?
5
What is the units digit of 3078?
8
What is the hundreds digit of 572?
5
What is the tens digit of 2610?
1
What is the tens digit of 1705?
0
What is the thousands digit of 19534?
9
What is the units digit of 22343?
3
What is the tens digit of 5059?
5
What is the units digit of 4489?
9
What is the tens digit of 523?
2
What is the hundreds digit of 4089?
0
What is the hundreds digit of 3801?
8
What is the hundreds digit of 14511?
5
What is the units digit of 27557?
7
What is the units digit of 40227?
7
What is the ten thousands digit of 11923?
1
What is the units digit of 65411?
1
What is the hundreds digit of 6250?
2
What is the units digit of 1210?
0
What is the thousands digit of 9533?
9
What is the tens digit of 34668?
6
What is the tens digit of 3363?
6
What is the units digit of 2152?
2
What is the thousands digit of 4730?
4
What is the hundreds digit of 6851?
8
What is the thousands digit of 4752?
4
What is the units digit of 1739?
9
What is the ten thousands digit of 31253?
3
What is the thousands digit of 18703?
8
What is the units digit of 566?
6
What is the thousands digit of 1452?
1
What is the tens digit of 40345?
4
What is the ten thousands digit of 11851?
1
What is the hundreds digit of 2410?
4
What is the hundreds digit of 1094?
0
What is the hundreds digit of 8186?
1
What is the hundreds digit of 7329?
3
What is the hundreds digit of 616?
6
What is the units digit of 831?
1
What is the units digit of 1489?
9
What is the thousands digit of 12828?
2
What is the ten thousands digit of 49417?
4
What is the thousands digit of 7942?
7
What is the units digit of 6334?
4
What is the thousands digit of 4921?
4
What is the ten thousands digit of 38605?
3
What is the thousands digit of 38334?
8
What is the thousands digit of 3415?
3
What is the units digit of 1905?
5
What is the ten thousands digit of 22004?
2
What is the ten thousands digit of 90608?
9
What is the thousands digit of 126007?
6
What is the tens digit of 71649?
4
What is the hundreds digit of 519?
5
What is the units digit of 40015?
5
What is the units digit of 1049?
9
What is the hundreds digit of 59362?
3
What is the ten thousands digit of 147820?
4
What is the ten thousands digit of 24848?
2
What is the hundreds digit of 2100?
1
What is the units digit of 1288?
8
What is the thousands digit of 4270?
4
What is the thousands digit of 18066?
8
What is the thousands digit of 22907?
2
What is the units digit of 838?
8
What is the thousands digit of 22300?
2
What is the thousands digit of 2867?
2
What is the tens digit of 15480?
8
What is the thousands digit of 8623?
8
What is the units digit of 64031?
1
What is the tens digit of 335?
3
What is the hundreds digit of 2184?
1
What is the units digit of 2052?
2
What is the thousands digit of 1406?
1
What is the hundreds digit of 13816?
8
What is the thousands digit of 2575?
2
What is the tens digit of 11353?
5
What is the tens digit of 2039?
3
What is the hundreds digit of 865?
8
What is the units digit of 1998?
8
What is the thousands digit of 110913?
0
What is the units digit of 128509?
9
What is the hundreds digit of 9236?
2
What is the tens digit of 1003?
0
What is the units digit of 164242?
2
What is the thousands digit of 72939?
2
What is the thousands digit of 102832?
2
What is the tens digit of 10155?
5
What is the tens digit of 42?
4
What is the hundreds digit of 851?
8
What is the ten thousands digit of 42143?
4
What is the ten thousands digit of 46241?
4
What is the hundreds digit of 458?
4
What is the thousands digit of 3998?
3
What is the ten thousands digit of 58406?
5
What is the hundreds digit of 199?
1
What is the thousands digit of 3096?
3
What is the tens digit of 41088?
8
What is the ten thousands digit of 16579?
1
What is the tens digit of 7539?
3
What is the hundreds digit of 7461?
4
What is the tens digit of 2228?
2
What is the units digit of 94882?
2
What is the hundreds digit of 123054?
0
What is the thousands digit of 42670?
2
What is the units digit of 21956?
6
What is the hundreds digit of 4877?
8
What is the units digit of 5059?
9
What is the ten thousands digit of 143307?
4
What is the hundreds digit of 9264?
2
What is the ten thousands digit of 107441?
0
What is the hundreds digit of 6518?
